y/4.
5
Suppose -209 = -5*d - 3*i, -d = d - i - 77. Calculate the remainder when 118 is divided by d.
38
Let z = 17 - -9. Calculate the remainder when 77 is divided by z.
25
Let v = -30 + 20. Let c = 25 + v. What is the remainder when c is divided by 4?
3
Let c(w) = w**3 - 2*w**2 - 2*w. Let l be c(3). Suppose 2*n - l*n + k + 15 = 0, -3*n - 3*k = -63. What is the remainder when n is divided by 4?
2
Suppose -3 = -4*b + 37. Let x = 22 - b. Suppose 0*p + 3*p - 105 = 0. Calculate the remainder when p is divided by x.
11
Let g(a) = -15*a - 7. Let i be g(-7). Suppose 105 = 5*r + j, 0*r - 4*r = -2*j - i. Calculate the remainder when r is divided by 6.
4
Let o = -11 + 21. Let u = o - 8. What is the remainder when u is divided by 1?
0
Suppose 3*r - 3 - 24 = 0. Calculate the remainder when 35 is divided by r.
8
Let b(p) = 9*p + 3. Let v be b(-3). Suppose 4*m = 6*m - 68. Let d = v + m. Calculate the remainder when 29 is divided by d.
9
Let f(b) = -b + 1. Let z be f(-1). Suppose 4*o - 12 = -q, 6 = 4*o - 2*o - z*q. Calculate the remainder when (-1 - o/(-1)) + 64 is divided by 17.
15
Let z = 2 - -33. What is the remainder when z is divided by 6?
5
What is the remainder when 28 is divided by -3*2 - -3 - -8?
3
Let p(w) be the second derivative of -11*w**3/6 - w**2 - 2*w. What is the remainder when p(-6) is divided by 17?
13
Suppose -4*q = 3*r - 0*r - 35, 4*q - 4*r = 0. Suppose 106 = q*j - 3*j. Calculate the remainder when j is divided by 18.
17
Let x be (2/4)/((-1)/6). Let q be 6*(1 + 2/x). What is the remainder when 41 is divided by (5 + -1)*7/q?
13
Suppose 0 = -3*b + 4*b - 34. Let l be 1/(1 - (-27)/(-30)). Let t = l + 2. What is the remainder when b is divided by t?
10
Let m be 4/10 - 6/15. Suppose 9*r - 4*r - 110 = m. Calculate the remainder when 85 is divided by r.
19
Let d = -174 + 295. What is the remainder when d is divided by 31?
28
Let m = -4 - -6. Suppose m*f - 5 = -3*f. Calculate the remainder when (15 + -2 + 0)/f is divided by 7.
6
Suppose -68 = -4*q + 3*l, -l + 52 = 3*q + q. Let x(p) = p**2 + 4*p - 8. Calculate the remainder when q is divided by x(-6).
2
Let d(y) = 2*y**3 - 13*y**2 + y + 4. Let g(j) = -j**3 + 6*j**2 - 2. Let x(v) = 2*d(v) + 5*g(v). What is the remainder when 8 is divided by x(4)?
2
Suppose 4*q = -18 + 86. Suppose -3*o + 9 = 24. Let c = o + 10. What is the remainder when q is divided by c?
2
Let p = 190 - 70. Suppose p = 3*m + m. Calculate the remainder when m is divided by 16.
14
Let v(j) = j**3 + 2*j**2 + 16*j + 1. Let f(l) = -l**3 - 3*l**2 - 15*l - 2. Let t(q) = -6*f(q) - 5*v(q). What is the remainder when t(-6) is divided by 10?
9
Suppose 6*s - 4*s = 84. What is the remainder when s is divided by 22?
20
Suppose j - 2*j + 5 = 0. Suppose -78 = -j*g - 2*t - 18, -4*t - 36 = -3*g. What is the remainder when 34 is divided by g?
10
Let d(k) = k**3 + 9*k**2 + 3*k - 11. What is the remainder when d(-7) is divided by 34?
32
Let y(i) = 19*i + 12. Calculate the remainder when y(4) is divided by 23.
19
Let o = 88 + -6. What is the remainder when o is divided by 21?
19
Let q = 95 - 75. What is the remainder when q is divided by 7?
6
Suppose 5*d - 4 = -3*o, 0 = -4*d - 0*o + 5*o + 18. Suppose -5*y + d*y = 798. Calculate the remainder when y/(-10) + 6/(-10) is divided by 9.
8
Let a = -3 + 40. Calculate the remainder when a is divided by 14.
9
Suppose 0 = -2*l + 3*q + 20, -l - 3*q - 24 = -4*l. Let b(h) = 5*h + 1. What is the remainder when b(1) is divided by l?
2
Let s(n) = n - 2. Let f be s(5). Suppose w + f*w = 48. Calculate the remainder when 46 is divided by w.
10
Let s(x) = 4*x + 3. Let w(q) = 3*q + 3. Let n(t) = -3*s(t) + 2*w(t). Calculate the remainder when n(-5) is divided by 14.
13
Suppose -2*n - 18 = -3*a + 4, a + 11 = -3*n. What is the remainder when 9 is divided by a?
1
Suppose 0 = 5*x + 2*s + 167, 3*s + 3 = -0. What is the remainder when 22/x*318/(-4) is divided by 27?
26
Let n(v) = -v - 1. Let a be n(5). Let k(m) = m**2 + 3*m - 3. What is the remainder when 29 is divided by k(a)?
14
Let z(w) = -w**3 + 5*w**2 + 6*w + 8. What is the remainder when z(6) is divided by -6*(-4)/8 + 2?
3
Let q = 43 + -10. Calculate the remainder when q is divided by 18.
15
Suppose -a + 476 = 3*a. What is the remainder when a is divided by 30?
29
Let h be ((-1 + 1)*-1)/1. Suppose h = -2*j - 24 + 66. Suppose 0 = -2*d + 7 + j. Calculate the remainder when 26 is divided by d.
12
Let y = 11 - 7. Suppose 0 = p - 7*p. Suppose p = -f + y*f - 39. What is the remainder when 25 is divided by f?
12
Let p = 1 + 9. What is the remainder when 38 is divided by p?
8
Suppose -5*y = -2*y - 15. Let t be 2/(-6 - 0)*-9. What is the remainder when (t/(-2))/((-3)/16) is divided by y?
3
Let h(f) = f. Let m be (4/(-14))/((-5)/35). What is the remainder when 2 is divided by h(m)?
0
Let k = 1 + 11. Calculate the remainder when 23 is divided by k.
11
Let o = -4 + 12. Let h = 19 - o. Suppose -5*t + 18 = -2. What is the remainder when h is divided by t?
3
Suppose 319 = 42*u - 13*u. Suppose -2*l - 3*p = -23, 2*p = 3*l - 0*l - 15. Calculate the remainder when u is divided by l.
4
Suppose -5*n + 3*q + 97 = 0, 57 = 2*n - q + 18. What is the remainder when n is divided by 3 + 12/9*3?
6
Let j = 7 - 7. Suppose j = 4*l + 4*g - 252, 2*l - 44 = 3*g + 57. Suppose -4*q + 178 = l. What is the remainder when q is divided by 8?
6
Let l = 74 + -29. Calculate the remainder when 176 is divided by l.
41
Suppose p + 25 = 6*p. Suppose -w - b + 19 = 51, p*b = -2*w - 55. Let d = w + 90. Calculate the remainder when d is divided by 19.
17
Let f = -401 + 243. Let n = 266 + f. Calculate the remainder when n is divided by 28.
24
Let f(q) = -q**2 - 6*q. Let n be f(-3). Let a = n + 3. What is the remainder when 1*25 - (0 - -2) is divided by a?
11
Let h(v) = -11*v - 1. Let g be h(-1). What is the remainder when 2/10 - (-188)/g is divided by (-1)/(15/(-25))*3?
4
Let v(n) = 3*n**3 + 0*n**2 + 1 + n**3 - 3*n + 3*n**2. Let z be v(2). Suppose -z = 2*k - 5*k. Calculate the remainder when 37 is divided by k.
11
Suppose -7*j + 325 = 108. What is the remainder when j is divided by 10 - 1*(0 + -1)?
9
Let m(s) = -2*s. Let b be m(-3). Let w = 64 + -33. Calculate the remainder when w is divided by (-1)/6 + 49/b.
7
Suppose 2*m - 128 = 4*y, -4*y - 86 - 174 = -4*m. What is the remainder when m is divided by 14?
10
Let k = -4 + 14. Let c be (-3)/((-9)/75) - -1. Let o = c - 20. Calculate the remainder when k is divided by o.
4
Suppose -3*x + 47 - 11 = 0. Suppose 0 = i - 16 - 17. Calculate the remainder when i is divided by x.
9
Let j be 2/5 - 51/15. Let k = 19 - j. What is the remainder when k is divided by 8?
6
Suppose -5*t + 160 = -2*p, 27 + 60 = 3*t - 3*p. Let r(m) = m**2 + 6*m - 4. Let b = -8 + 0. Calculate the remainder when t is divided by r(b).
10
Suppose 4*a - 6 = p + 1, p = -a + 8. Calculate the remainder when p is divided by 2.
1
Let q = 104 - 45. What is the remainder when q is divided by 1/(22/55 + (-1)/3)?
14
Let b be (1/(-3))/(11/(-99)). Suppose -5*w - 26 + 141 = 4*s, b*w = 2*s + 69. Let l = 21 - 15. Calculate the remainder when w is divided by l.
5
Suppose 0 = -3*a - 0*g + g + 22, -g = 2*a - 13. Suppose 9*f + a = 10*f. Calculate the remainder when 27 is divided by f.
6
Suppose 13 + 32 = 5*m. Calculate the remainder when 35 is divided by m.
8
Let s = 38 - 36. Calculate the remainder when s is divided by 1.
0
Let o(c) = 2*c + 7. Let l(y) = y - 2. Let w be l(3). Calculate the remainder when o(7) is divided by (-22)/(-2) - (w + -2).
9
Suppose 21 = 4*b - 7. Calculate the remainder when 39 is divided by b.
4
Suppose -3*f = -u + f + 42, 18 = u + 4*f. Let b(z) = 2*z + 26. Let n be b(-13). What is the remainder when 19 is divided by 4/12*(u - n)?
9
Suppose -6*l - 19 = -7*l. Calculate the remainder when l is divided by 5.
4
Suppose -5*k + 448 = 128. Calculate the remainder when k is divided by 17.
13
Let k(v) = v**2 + 2*v + 6. Suppose 2*f = 3*f - 4*a - 18, 3*f + 3*a - 84 = 0. Let p = -12 + f. Calculate the remainder when k(-7) is divided by p.
13
Suppose d - 3*s = 155, 0 = 5*d - 2*s - 1004 + 294. Let i = d + -99. Calculate the remainder when i is divided by 14.
13
Let a = -41 - -46. What is the remainder when 17 is divided by a?
2
Let m(g) = -g**3 - 10*g**2 - 6*g + 9. Let r be m(-8). Let a = -48 - r. Calculate the remainder 